et v(r) = r**3 - 7*r**2 - 6*r - 12. Let i be v(8). Suppose -i*w + 531 = 5*a, -301 = -3*a - 3*w + 5*w. What are the prime factors of a?
103
Let l(z) = -3*z**3 - 5*z**2 - 3*z + 97. Let w be l(8). Let d = -898 - w. List the prime factors of d.
3, 5, 59
Suppose 26*x - 1199025 = -29*x - 18*x. List the prime factors of x.
3, 5, 73
Let p(d) = 3 + 43*d**3 - 6*d**2 - 7*d + 7 - 44*d**3 - 3*d**2. Let g be p(-8). Suppose -g*o + 152 = 2*t, 0*o - t = 4*o - 292. What are the prime factors of o?
2, 3
Let z = 3374 + 1976. List the prime factors of z.
2, 5, 107
Let c(p) be the second derivative of 0 + 7/2*p**2 - 3/2*p**3 + p. What are the prime factors of c(-13)?
2, 31
What are the prime factors of (524191/(-38))/(1/(-2))?
47, 587
Let u(q) = -131*q + 5 + 61*q - q**2 - 9. What are the prime factors of u(-24)?
2, 5, 11
Let a = 67 - 68. Let z be -37 - (-4 - -6) - a. List the prime factors of (-1*(2 - 1))/(z/4826).
127
Let o(x) = -8*x**2 + 19*x**3 + 24 - 13*x**3 - 7*x**3 + 17*x. List the prime factors of o(-12).
2, 3, 11
Suppose o - 6 + 1 = 0. Suppose 0 = o*a - 9*a + 36. Suppose -a = r - 70. What are the prime factors of r?
61
Let m(s) = 2004*s - 144. Let j be m(6). What are the prime factors of -8*(2/7 + j/(-126))?
2, 47
Let m(i) = -27*i**2 + 5*i - 10 + 10*i**2 + 15*i**2 + 17*i**2. List the prime factors of m(-5).
2, 5, 17
Let m be (28/(-16))/((-3)/(-108)). What are the prime factors of 14/m + (-1694)/(-9)?
2, 47
Suppose -5*y - 14 = 3*x - 9*y, 0 = 3*x + 4*y - 26. Suppose -4*r + 2273 = -0*f - f, x*r - 1159 = 5*f. What are the prime factors of r?
3, 7
What are the prime factors of (7 + (-12259)/65)*5/2*-13?
2, 13, 227
Suppose -114 = -30*r + 906. Suppose 0 = -35*y + r*y + 411. What are the prime factors of y?
3, 137
Let i(r) = -3*r**3 + 13*r**2 + 2*r + 20. Let s be i(6). Let z = s - -231. List the prime factors of z.
83
Let a(w) = -w**2 + 25*w + 21. Suppose -5*l + 0*l = -105. What are the prime factors of a(l)?
3, 5, 7
Suppose 733*q - 8868836 = 561*q. List the prime factors of q.
51563
Let p = 53 - 59. Let t be (1 - p)*6/14. Suppose -t*y + 439 = 3*q + 2*y, -4*q - y = -557. What are the prime factors of q?
2, 3, 23
Let j(c) = -3*c + 19. Let n(m) = 4*m - 19. Let h(f) = -3*j(f) - 2*n(f). Let o be h(23). What are the prime factors of 0/o - (1 + -149)?
2, 37
Let r = -24 - -59. Let c be (-476)/35*r/(-2). Suppose 12*z - 10*z = c. List the prime factors of z.
7, 17
Let v be 1 + 4 + -1 + 24 + -26. Suppose v*i - 245 = i. Let j = -58 + i. List the prime factors of j.
11, 17
Let l(v) = -402*v + 424. List the prime factors of l(-22).
2, 7, 331
List the prime factors of (-48305)/(-7) - (5 + 629/(-119)).
67, 103
Suppose f - 329 = -4*v, -3*v + 8*v - 409 = f. Suppose 114 = -81*d + v*d. What are the prime factors of ((-2)/(-4))/(3/d)?
19
Let l(v) = v**2 - 2*v - 31. Let g be l(7). Suppose 6 = 3*k + d - 5*d, -g*d - 14 = k. What are the prime factors of (-2 - -5)*(33 - k)?
3, 5, 7
Let r = 463 + -298. Suppose y + 4*y - r = 0. Let l = y - 3. What are the prime factors of l?
2, 3, 5
Suppose -29*i + 54 + 62 = 0. Suppose -i*t + 60 = p - 52, -t = 2*p - 259. List the prime factors of p.
2, 3, 11
Let t = -110 - -67. Let s = t + 19. Let l = s + 112. What are the prime factors of l?
2, 11
Suppose -139*h - 4*m + 1268 = -135*h, 3*h - 5*m - 959 = 0. What are the prime factors of h?
2, 3, 53
Let c(x) = -x**3 + 72*x**2 + 57*x + 266. What are the prime factors of c(72)?
2, 5, 19, 23
Let s be (0 - -2)/(-5 - (-22010)/4400). Suppose -s = -5*g - 6*g. List the prime factors of g.
2, 5
Let s = 24184 - 11584. What are the prime factors of s?
2, 3, 5, 7
Let a(k) = 561*k**3 - 1. Let d(q) = -8*q + 1. Let s be d(0). What are the prime factors of a(s)?
2, 5, 7
Suppose 2*k - 31 = 41. Let h = k - 28. Suppose 0 = h*q + 3*q - 1177. List the prime factors of q.
107
Let x(u) = -1189*u - 774. List the prime factors of x(-13).
14683
Suppose 4216839 = 191*w + 700338. List the prime factors of w.
3, 17, 19
Let b be (14/(-35))/(-2*4/40). Suppose -75 - 507 = -4*q - b*i, i - 147 = -q. What are the prime factors of q?
2, 3
Let z = 49 + -30. Suppose 2*b = 5*c - 10, -3*c - 1 = 4*b + z. What are the prime factors of 129*(1 + c)/(-6)*-4?
2, 43
Let d be ((-105)/14)/(-15)*-2. List the prime factors of (-446)/d + (20 - 17) - -4.
3, 151
Let p(i) = 350*i**2 + 3*i - 349*i**2 + 10 + 6 - 21*i. What are the prime factors of p(22)?
2, 13
Let l be (-12 - (0 + 0))*(-5)/10. Let w be ((-27)/(-12))/((l/(-16))/(-1)). Suppose -n + w*n = 355. What are the prime factors of n?
71
Let q be 3 - 1 - (15 - 8). Let n be 1*(125 - 10/q). Let u = n + -73. What are the prime factors of u?
2, 3
Let m = 163 + -131. Suppose -m*o + 38*o = 4206. What are the prime factors of o?
701
Let p(i) = -84*i + 39. Let t = -147 + 139. What are the prime factors of p(t)?
3, 79
Let r be 2198/14 - (-6 + -1). Let g = r + 34. List the prime factors of g.
2, 3, 11
Suppose -19*k + 22456 + 126542 = 0. What are the prime factors of k?
2, 3, 1307
Suppose -224*n + 284*n - 264120 = 0. List the prime factors of n.
2, 31, 71
Let q(w) = -4*w**3 - w**2 - 46*w - 339. What are the prime factors of q(-12)?
3, 13, 179
Let s(h) = -h**3 - 22*h**2 + 7*h + 57. Let n be s(-24). Suppose 2*z + 3*z = 3*i + n, -4*i - 836 = -4*z. List the prime factors of z.
3, 23
Let i(m) = 961*m + 526. What are the prime factors of i(7)?
7253
Let t = -784 - -786. Suppose -3*z = -7*s + 6*s - 3359, z + t*s = 1122. List the prime factors of z.
2, 5, 7
Suppose -5*j - 109 = 81. Let a = j + 43. Suppose -a*s = -8*s + 36. What are the prime factors of s?
2, 3
Let s(d) = -d**3 + 30*d**2 - 27*d - 38. Let g be s(29). Suppose 0 = -g*l - 20*l + 25240. List the prime factors of l.
631
Let w(m) = m**2 + 6. Let b be w(8). Let f = 74 - b. Suppose -f*h + 9 = 21, -2*y + 439 = 5*h. What are the prime factors of y?
227
Suppose -4*i = 2*r + 814, 5*r + 0*i = -3*i - 2049. Let c = 388 - r. List the prime factors of c.
17, 47
Let g(r) = -506*r - 385. Let b(z) = 759*z + 577. Let w(k) = 5*b(k) + 8*g(k). What are the prime factors of w(-6)?
3, 7
Let q = -1294 + 7353. What are the prime factors of q?
73, 83
Suppose 389071 = 209*r - 1913591 - 1779317. List the prime factors of r.
19531
Suppose 965*q - 683164 = 927*q. List the prime factors of q.
2, 89, 101
Suppose 0 = 38*m - 0*m - 836. Let x(b) = 14*b + 229. What are the prime factors of x(m)?
3, 179
Let q(m) = -m**2 + 20*m - 1. Let c be q(5). Suppose -k = -c - 624. List the prime factors of k.
2, 349
Let q be 0*(576/81 - 7). Let o(b) = -4*b + 1932. What are the prime factors of o(q)?
2, 3, 7, 23
Suppose x = 4*r + 13, -4*x = 3*r - 54 + 2. Suppose -v + x = 12. Let u(y) = 128*y**3 - 2*y + 1. What are the prime factors of u(v)?
127
Let o = -45 - -15. Suppose -35*n - 2051 = 14. Let i = o - n. What are the prime factors of i?
29
Suppose -4*d - 3*w = 68 + 97, 0 = -2*w + 2. Let x be (21/d)/((-2)/20). Suppose -2*t - 3*t + 370 = 5*n, -4*n - x*t = -301. What are the prime factors of n?
3, 23
Let z(p) = 103*p**2 + 7*p + 6. Let j be z(3). Let t = j + -537. What are the prime factors of t?
3, 139
Suppose -418 = -2*x - 0*x. Let v(f) = -15*f + 201. Let w be v(13). Suppose -w*j + x = -5*j. What are the prime factors of j?
11, 19
Let k(p) = p**2 + 2*p. Let o be k(-6). Suppose -22*l + o*l = 932. What are the prime factors of l?
2, 233
Suppose -5*t + 57980 = -7*k + 12*k, 2*t - 23168 = 4*k. What are the prime factors of t?
2, 3, 7, 23
Suppose 3*m - 163350 = 2*v, 45*m - 2*v + 272250 = 50*m. What are the prime factors of m?
2, 3, 5, 11
Let m = 2253 + -1339. Let r = m + -467. Let o = r - 271. What are the prime factors of o?
2, 11
Let g = -65 + 63. Let o be (g - -2) + 0 + (-900)/6. Let v = -57 - o. List the prime factors of v.
3, 31
Let i(p) = 84*p**2 - 4*p - 5. Let x(t) be the first derivative of -t**3/3 - 5*t**2 + 10*t + 7. Let j be x(-11). List the prime factors of i(j).
83
Let t(p) = -p**2 + 7*p + 1. Let g be t(4). Suppose 10*h = g*h - 12. Suppose 0 = h*o - 2*q - 86, -15 = -o - q + 14. List the prime factors of o.
2, 3
Suppose -394*r = -397*r - 4*m + 75380, -25130 = -r + 2*m. List the prime factors of r.
2, 3, 349
Suppose 0 = -13*u + 16134 + 49893. What are the prime factors of u?
3, 1693
Let q(m) = m**3 + 11*m**2 - m - 6. Let z be q(-11). Suppose -5*v = -3*r + r, 0 = -4*v + z*r. What are the prime factors of (2/(-